{"id":2,"date":"2026-01-11T08:49:24","date_gmt":"2026-01-11T08:49:24","guid":{"rendered":"http:\/\/2026.tree-inspection-technologies.de\/?page_id=2"},"modified":"2026-04-24T21:52:56","modified_gmt":"2026-04-24T19:52:56","slug":"sample-page","status":"publish","type":"page","link":"https:\/\/2026.tree-inspection-technologies.de\/englisch\/","title":{"rendered":"Home"},"content":{"rendered":"<div data-elementor-type=\"wp-page\" data-elementor-id=\"2\" class=\"elementor elementor-2\">\n\t\t\t\t<div class=\"elementor-element elementor-element-6db8611f e-flex e-con-boxed wpr-particle-no wpr-jarallax-no wpr-parallax-no wpr-sticky-section-no wpr-equal-height-no e-con e-parent\" data-id=\"6db8611f\" data-element_type=\"container\" data-e-type=\"container\">\n\t\t\t\t\t<div class=\"e-con-inner\">\n\t\t<div class=\"elementor-element elementor-element-eac7739 e-con-full e-flex wpr-particle-no wpr-jarallax-no wpr-parallax-no wpr-sticky-section-no wpr-equal-height-no e-con e-child\" data-id=\"eac7739\" data-element_type=\"container\" data-e-type=\"container\">\n\t\t<div class=\"elementor-element elementor-element-d7566b8 e-con-full e-flex wpr-particle-no wpr-jarallax-no wpr-parallax-no wpr-sticky-section-no wpr-equal-height-no e-con e-child\" data-id=\"d7566b8\" data-element_type=\"container\" data-e-type=\"container\">\n\t\t\t\t<div class=\"elementor-element elementor-element-43a3210 elementor-widget__width-initial elementor-widget elementor-widget-text-editor\" data-id=\"43a3210\" data-element_type=\"widget\" data-e-type=\"widget\" data-widget_type=\"text-editor.default\">\n\t\t\t\t\t\t\t\t\t<p><strong>Laserbasierte Baumdeflektometrie<\/strong><\/p>\t\t\t\t\t\t\t\t<\/div>\n\t\t\t\t<div class=\"elementor-element elementor-element-3ccc2d2 elementor-widget elementor-widget-spacer\" data-id=\"3ccc2d2\" data-element_type=\"widget\" data-e-type=\"widget\" data-widget_type=\"spacer.default\">\n\t\t\t\t\t\t\t<div class=\"elementor-spacer\">\n\t\t\t<div class=\"elementor-spacer-inner\"><\/div>\n\t\t<\/div>\n\t\t\t\t\t\t<\/div>\n\t\t\t\t<div class=\"elementor-element elementor-element-3a26296 elementor-widget elementor-widget-heading\" data-id=\"3a26296\" data-element_type=\"widget\" data-e-type=\"widget\" data-widget_type=\"heading.default\">\n\t\t\t\t\t<h2 class=\"elementor-heading-title elementor-size-default\">bla bla bla blue \n<p>\n<span style=\"color: #BF0024\">keine Spekulation mehr<\/span> <\/h2>\t\t\t\t<\/div>\n\t\t\t\t<div class=\"elementor-element elementor-element-e1959eb elementor-widget elementor-widget-text-editor\" data-id=\"e1959eb\" data-element_type=\"widget\" data-e-type=\"widget\" data-widget_type=\"text-editor.default\">\n\t\t\t\t\t\t\t\t\t<p>LOFOR ist das erste laserbasierte Deflektometer, das speziell f\u00fcr die Baumbewertung entwickelt wurde. Ein Aufbau. Vollst\u00e4ndiges Bild.<\/p>\t\t\t\t\t\t\t\t<\/div>\n\t\t\t\t<div class=\"elementor-element elementor-element-61963d6 elementor-align-center elementor-widget elementor-widget-button\" data-id=\"61963d6\" data-element_type=\"widget\" data-e-type=\"widget\" data-widget_type=\"button.default\">\n\t\t\t\t\t\t\t\t\t\t<a class=\"elementor-button elementor-button-link elementor-size-sm\" href=\"#\">\n\t\t\t\t\t\t<span class=\"elementor-button-content-wrapper\">\n\t\t\t\t\t\t\t\t\t<span class=\"elementor-button-text\">Funktionsprinzip --&gt;<\/span>\n\t\t\t\t\t<\/span>\n\t\t\t\t\t<\/a>\n\t\t\t\t\t\t\t\t<\/div>\n\t\t\t\t<\/div>\n\t\t\t\t<div class=\"elementor-element elementor-element-e31b046 elementor-widget elementor-widget-image\" data-id=\"e31b046\" data-element_type=\"widget\" data-e-type=\"widget\" data-widget_type=\"image.default\">\n\t\t\t\t\t\t\t\t\t\t\t\t\t\t\t<img fetchpriority=\"high\" decoding=\"async\" width=\"716\" height=\"602\" src=\"http:\/\/2026.tree-inspection-technologies.de\/wp-content\/uploads\/2026\/04\/Bildschirmfoto-2026-04-24-um-20.36.23.png\" class=\"attachment-large size-large wp-image-205\" alt=\"\" srcset=\"http:\/\/2026.tree-inspection-technologies.de\/wp-content\/uploads\/2026\/04\/Bildschirmfoto-2026-04-24-um-20.36.23.png 716w, http:\/\/2026.tree-inspection-technologies.de\/wp-content\/uploads\/2026\/04\/Bildschirmfoto-2026-04-24-um-20.36.23-300x252.png 300w, http:\/\/2026.tree-inspection-technologies.de\/wp-content\/uploads\/2026\/04\/Bildschirmfoto-2026-04-24-um-20.36.23-14x12.png 14w\" sizes=\"(max-width: 716px) 100vw, 716px\" \/>\t\t\t\t\t\t\t\t\t\t\t\t\t\t\t<\/div>\n\t\t\t\t<\/div>\n\t\t\t\t\t<\/div>\n\t\t\t\t<\/div>\n\t\t<div class=\"elementor-element elementor-element-c9be07a e-flex e-con-boxed wpr-particle-no wpr-jarallax-no wpr-parallax-no wpr-sticky-section-no wpr-equal-height-no e-con e-parent\" data-id=\"c9be07a\" data-element_type=\"container\" data-e-type=\"container\" data-settings=\"{&quot;background_background&quot;:&quot;classic&quot;}\">\n\t\t\t\t\t<div class=\"e-con-inner\">\n\t\t<div class=\"elementor-element elementor-element-05cc337 e-con-full e-flex wpr-particle-no wpr-jarallax-no wpr-parallax-no wpr-sticky-section-no wpr-equal-height-no e-con e-child\" data-id=\"05cc337\" data-element_type=\"container\" data-e-type=\"container\">\n\t\t\t\t<div class=\"elementor-element elementor-element-e86b12d elementor-widget elementor-widget-text-editor\" data-id=\"e86b12d\" data-element_type=\"widget\" data-e-type=\"widget\" data-widget_type=\"text-editor.default\">\n\t\t\t\t\t\t\t\t\t<p>Funktionsprinzip<\/p>\t\t\t\t\t\t\t\t<\/div>\n\t\t\t\t<div class=\"elementor-element elementor-element-3c27ae4 elementor-widget elementor-widget-heading\" data-id=\"3c27ae4\" data-element_type=\"widget\" data-e-type=\"widget\" data-widget_type=\"heading.default\">\n\t\t\t\t\t<h2 class=\"elementor-heading-title elementor-size-default\">Ein Aufbau. Vielf\u00e4ltige Ergebnisse.<\/h2>\t\t\t\t<\/div>\n\t\t\t\t<div class=\"elementor-element elementor-element-aabc2cb elementor-widget elementor-widget-spacer\" data-id=\"aabc2cb\" data-element_type=\"widget\" data-e-type=\"widget\" data-widget_type=\"spacer.default\">\n\t\t\t\t\t\t\t<div class=\"elementor-spacer\">\n\t\t\t<div class=\"elementor-spacer-inner\"><\/div>\n\t\t<\/div>\n\t\t\t\t\t\t<\/div>\n\t\t<div class=\"elementor-element elementor-element-3f0696b e-grid e-con-boxed wpr-particle-no wpr-jarallax-no wpr-parallax-no wpr-sticky-section-no wpr-equal-height-no e-con e-child\" data-id=\"3f0696b\" data-element_type=\"container\" data-e-type=\"container\">\n\t\t\t\t\t<div class=\"e-con-inner\">\n\t\t\t\t<div class=\"elementor-element elementor-element-220ca41 elementor-widget elementor-widget-text-editor\" data-id=\"220ca41\" data-element_type=\"widget\" data-e-type=\"widget\" data-widget_type=\"text-editor.default\">\n\t\t\t\t\t\t\t\t\t<p>01<\/p>\t\t\t\t\t\t\t\t<\/div>\n\t\t\t\t<div class=\"elementor-element elementor-element-43d207e elementor-widget elementor-widget-text-editor\" data-id=\"43d207e\" data-element_type=\"widget\" data-e-type=\"widget\" data-widget_type=\"text-editor.default\">\n\t\t\t\t\t\t\t\t\t<p>02<\/p>\t\t\t\t\t\t\t\t<\/div>\n\t\t\t\t<div class=\"elementor-element elementor-element-7c21dea elementor-widget elementor-widget-text-editor\" data-id=\"7c21dea\" data-element_type=\"widget\" data-e-type=\"widget\" data-widget_type=\"text-editor.default\">\n\t\t\t\t\t\t\t\t\t<p>03<\/p>\t\t\t\t\t\t\t\t<\/div>\n\t\t\t\t<div class=\"elementor-element elementor-element-7afd57b elementor-widget-divider--view-line elementor-widget elementor-widget-divider\" data-id=\"7afd57b\" data-element_type=\"widget\" data-e-type=\"widget\" data-widget_type=\"divider.default\">\n\t\t\t\t\t\t\t<div class=\"elementor-divider\">\n\t\t\t<span class=\"elementor-divider-separator\">\n\t\t\t\t\t\t<\/span>\n\t\t<\/div>\n\t\t\t\t\t\t<\/div>\n\t\t\t\t<div class=\"elementor-element elementor-element-f0becd7 elementor-widget-divider--view-line elementor-widget elementor-widget-divider\" data-id=\"f0becd7\" data-element_type=\"widget\" data-e-type=\"widget\" data-widget_type=\"divider.default\">\n\t\t\t\t\t\t\t<div class=\"elementor-divider\">\n\t\t\t<span class=\"elementor-divider-separator\">\n\t\t\t\t\t\t<\/span>\n\t\t<\/div>\n\t\t\t\t\t\t<\/div>\n\t\t\t\t<div class=\"elementor-element elementor-element-67ce4cf elementor-widget-divider--view-line elementor-widget elementor-widget-divider\" data-id=\"67ce4cf\" data-element_type=\"widget\" data-e-type=\"widget\" data-widget_type=\"divider.default\">\n\t\t\t\t\t\t\t<div class=\"elementor-divider\">\n\t\t\t<span class=\"elementor-divider-separator\">\n\t\t\t\t\t\t<\/span>\n\t\t<\/div>\n\t\t\t\t\t\t<\/div>\n\t\t\t\t<div class=\"elementor-element elementor-element-829c998 elementor-widget elementor-widget-text-editor\" data-id=\"829c998\" data-element_type=\"widget\" data-e-type=\"widget\" data-widget_type=\"text-editor.default\">\n\t\t\t\t\t\t\t\t\t<p>Laser montieren<\/p>\t\t\t\t\t\t\t\t<\/div>\n\t\t\t\t<div class=\"elementor-element elementor-element-8c26daf elementor-widget elementor-widget-text-editor\" data-id=\"8c26daf\" data-element_type=\"widget\" data-e-type=\"widget\" data-widget_type=\"text-editor.default\">\n\t\t\t\t\t\t\t\t\t<p>Geometrie erfassen<\/p>\t\t\t\t\t\t\t\t<\/div>\n\t\t\t\t<div class=\"elementor-element elementor-element-4559703 elementor-widget elementor-widget-text-editor\" data-id=\"4559703\" data-element_type=\"widget\" data-e-type=\"widget\" data-widget_type=\"text-editor.default\">\n\t\t\t\t\t\t\t\t\t<p>Projizieren und Aufzeichnen<\/p>\t\t\t\t\t\t\t\t<\/div>\n\t\t\t\t<div class=\"elementor-element elementor-element-ee969fd elementor-widget elementor-widget-text-editor\" data-id=\"ee969fd\" data-element_type=\"widget\" data-e-type=\"widget\" data-widget_type=\"text-editor.default\">\n\t\t\t\t\t\t\t\t\t<p>Mehrere Laseremitter werden entlang der Stammachse befestigt \u2014 kein Kabelwust, keine Besch\u00e4digungen.\u00a0<\/p>\t\t\t\t\t\t\t\t<\/div>\n\t\t\t\t<div class=\"elementor-element elementor-element-442b7c7 elementor-widget elementor-widget-text-editor\" data-id=\"442b7c7\" data-element_type=\"widget\" data-e-type=\"widget\" data-widget_type=\"text-editor.default\">\n\t\t\t\t\t\t\t\t\t<p>Die Geometrieerfassung ist schnell und einfach. \u00dcber modernste LiDAR Sensoren wird die Geometrie 5x genauer erfasst, als mit herk\u00f6mmlichen Methoden. W\u00e4hrend der Zeitaufwand nur halb so gro\u00df ist.\u00a0<\/p>\t\t\t\t\t\t\t\t<\/div>\n\t\t\t\t<div class=\"elementor-element elementor-element-d51dabc elementor-widget elementor-widget-text-editor\" data-id=\"d51dabc\" data-element_type=\"widget\" data-e-type=\"widget\" data-widget_type=\"text-editor.default\">\n\t\t\t\t\t\t\t\t\t<p>Die LOFOR-Software l\u00f6st Biegung, Torsion und Wurzelteller-Rotation in Echtzeit auf. Exportfertige Berichte mit Arbostat-Integration.<\/p>\t\t\t\t\t\t\t\t<\/div>\n\t\t\t\t<div class=\"elementor-element elementor-element-b7bf4f7 elementor-widget elementor-widget-image\" data-id=\"b7bf4f7\" data-element_type=\"widget\" data-e-type=\"widget\" data-widget_type=\"image.default\">\n\t\t\t\t\t\t\t\t\t\t\t\t\t\t\t<img decoding=\"async\" width=\"768\" height=\"1024\" src=\"http:\/\/2026.tree-inspection-technologies.de\/wp-content\/uploads\/2026\/04\/IMG_9982-768x1024.jpg\" class=\"attachment-large size-large wp-image-249\" alt=\"\" srcset=\"http:\/\/2026.tree-inspection-technologies.de\/wp-content\/uploads\/2026\/04\/IMG_9982-768x1024.jpg 768w, http:\/\/2026.tree-inspection-technologies.de\/wp-content\/uploads\/2026\/04\/IMG_9982-225x300.jpg 225w, http:\/\/2026.tree-inspection-technologies.de\/wp-content\/uploads\/2026\/04\/IMG_9982-1152x1536.jpg 1152w, http:\/\/2026.tree-inspection-technologies.de\/wp-content\/uploads\/2026\/04\/IMG_9982-1536x2048.jpg 1536w, http:\/\/2026.tree-inspection-technologies.de\/wp-content\/uploads\/2026\/04\/IMG_9982-9x12.jpg 9w, http:\/\/2026.tree-inspection-technologies.de\/wp-content\/uploads\/2026\/04\/IMG_9982-scaled.jpg 1920w\" sizes=\"(max-width: 768px) 100vw, 768px\" \/>\t\t\t\t\t\t\t\t\t\t\t\t\t\t\t<\/div>\n\t\t\t\t<div class=\"elementor-element elementor-element-d23dbb6 elementor-widget elementor-widget-image\" data-id=\"d23dbb6\" data-element_type=\"widget\" data-e-type=\"widget\" data-widget_type=\"image.default\">\n\t\t\t\t\t\t\t\t\t\t\t\t\t\t\t<img decoding=\"async\" width=\"547\" height=\"1024\" src=\"http:\/\/2026.tree-inspection-technologies.de\/wp-content\/uploads\/2026\/04\/Drehahorn_3D-547x1024.jpg\" class=\"attachment-large size-large wp-image-250\" alt=\"\" srcset=\"http:\/\/2026.tree-inspection-technologies.de\/wp-content\/uploads\/2026\/04\/Drehahorn_3D-547x1024.jpg 547w, http:\/\/2026.tree-inspection-technologies.de\/wp-content\/uploads\/2026\/04\/Drehahorn_3D-160x300.jpg 160w, http:\/\/2026.tree-inspection-technologies.de\/wp-content\/uploads\/2026\/04\/Drehahorn_3D-768x1438.jpg 768w, http:\/\/2026.tree-inspection-technologies.de\/wp-content\/uploads\/2026\/04\/Drehahorn_3D-820x1536.jpg 820w, http:\/\/2026.tree-inspection-technologies.de\/wp-content\/uploads\/2026\/04\/Drehahorn_3D-6x12.jpg 6w, http:\/\/2026.tree-inspection-technologies.de\/wp-content\/uploads\/2026\/04\/Drehahorn_3D.jpg 840w\" sizes=\"(max-width: 547px) 100vw, 547px\" \/>\t\t\t\t\t\t\t\t\t\t\t\t\t\t\t<\/div>\n\t\t\t\t<div class=\"elementor-element elementor-element-6227b96 elementor-widget elementor-widget-image\" data-id=\"6227b96\" data-element_type=\"widget\" data-e-type=\"widget\" data-widget_type=\"image.default\">\n\t\t\t\t\t\t\t\t\t\t\t\t\t\t\t<img loading=\"lazy\" decoding=\"async\" width=\"502\" height=\"1024\" src=\"http:\/\/2026.tree-inspection-technologies.de\/wp-content\/uploads\/2026\/04\/App-Deflection-scaled-e1777059309394-502x1024.png\" class=\"attachment-large size-large wp-image-254\" alt=\"\" srcset=\"http:\/\/2026.tree-inspection-technologies.de\/wp-content\/uploads\/2026\/04\/App-Deflection-scaled-e1777059309394-502x1024.png 502w, http:\/\/2026.tree-inspection-technologies.de\/wp-content\/uploads\/2026\/04\/App-Deflection-scaled-e1777059309394-147x300.png 147w, http:\/\/2026.tree-inspection-technologies.de\/wp-content\/uploads\/2026\/04\/App-Deflection-scaled-e1777059309394-768x1566.png 768w, http:\/\/2026.tree-inspection-technologies.de\/wp-content\/uploads\/2026\/04\/App-Deflection-scaled-e1777059309394-753x1536.png 753w, http:\/\/2026.tree-inspection-technologies.de\/wp-content\/uploads\/2026\/04\/App-Deflection-scaled-e1777059309394-1004x2048.png 1004w, http:\/\/2026.tree-inspection-technologies.de\/wp-content\/uploads\/2026\/04\/App-Deflection-scaled-e1777059309394-6x12.png 6w, http:\/\/2026.tree-inspection-technologies.de\/wp-content\/uploads\/2026\/04\/App-Deflection-scaled-e1777059309394.png 1178w\" sizes=\"(max-width: 502px) 100vw, 502px\" \/>\t\t\t\t\t\t\t\t\t\t\t\t\t\t\t<\/div>\n\t\t\t\t\t<\/div>\n\t\t\t\t<\/div>\n\t\t\t\t<\/div>\n\t\t\t\t\t<\/div>\n\t\t\t\t<\/div>\n\t\t\t\t<\/div>","protected":false},"excerpt":{"rendered":"<p>Laserbasierte Baumdeflektometrie bla bla bla blue keine Spekulation mehr LOFOR ist das erste laserbasierte Deflektometer, das speziell f\u00fcr die Baumbewertung entwickelt wurde. Ein Aufbau. Vollst\u00e4ndiges Bild. Funktionsprinzip &#8211;&gt; Funktionsprinzip Ein Aufbau. Vielf\u00e4ltige Ergebnisse. 01 02 03 Laser montieren Geometrie erfassen Projizieren und Aufzeichnen Mehrere Laseremitter werden entlang der Stammachse befestigt \u2014 kein Kabelwust, keine Besch\u00e4digungen.\u00a0 Die Geometrieerfassung ist schnell und einfach. \u00dcber modernste LiDAR Sensoren wird die Geometrie 5x genauer erfasst, als mit herk\u00f6mmlichen Methoden. W\u00e4hrend der Zeitaufwand nur halb so gro\u00df ist.\u00a0 Die LOFOR-Software l\u00f6st Biegung, Torsion und Wurzelteller-Rotation in Echtzeit auf. Exportfertige Berichte mit Arbostat-Integration.<\/p>","protected":false},"author":1,"featured_media":0,"parent":0,"menu_order":0,"comment_status":"closed","ping_status":"closed","template":"","meta":{"footnotes":""},"class_list":["post-2","page","type-page","status-publish","hentry"],"_links":{"self":[{"href":"https:\/\/2026.tree-inspection-technologies.de\/englisch\/wp-json\/wp\/v2\/pages\/2","targetHints":{"allow":["GET"]}}],"collection":[{"href":"https:\/\/2026.tree-inspection-technologies.de\/englisch\/wp-json\/wp\/v2\/pages"}],"about":[{"href":"https:\/\/2026.tree-inspection-technologies.de\/englisch\/wp-json\/wp\/v2\/types\/page"}],"author":[{"embeddable":true,"href":"https:\/\/2026.tree-inspection-technologies.de\/englisch\/wp-json\/wp\/v2\/users\/1"}],"replies":[{"embeddable":true,"href":"https:\/\/2026.tree-inspection-technologies.de\/englisch\/wp-json\/wp\/v2\/comments?post=2"}],"version-history":[{"count":10,"href":"https:\/\/2026.tree-inspection-technologies.de\/englisch\/wp-json\/wp\/v2\/pages\/2\/revisions"}],"predecessor-version":[{"id":276,"href":"https:\/\/2026.tree-inspection-technologies.de\/englisch\/wp-json\/wp\/v2\/pages\/2\/revisions\/276"}],"wp:attachment":[{"href":"https:\/\/2026.tree-inspection-technologies.de\/englisch\/wp-json\/wp\/v2\/media?parent=2"}],"curies":[{"name":"wp","href":"https:\/\/api.w.org\/{rel}","templated":true}]}}